{"id":359,"date":"2018-02-02T11:15:59","date_gmt":"2018-02-02T14:15:59","guid":{"rendered":"https:\/\/multiclincard.com.br\/?post_type=product&#038;p=359"},"modified":"2024-07-15T21:14:54","modified_gmt":"2024-07-16T00:14:54","slug":"renovacao-multiclincard","status":"publish","type":"product","link":"https:\/\/dev.multicliniccard.com.br\/?product=renovacao-multiclincard","title":{"rendered":"Renova\u00e7\u00e3o Multiclincard"},"content":{"rendered":"","protected":false},"excerpt":{"rendered":"<p>O cart\u00e3o, que proporciona acesso \u00e0 sa\u00fade de qualidade para usu\u00e1rios individuais e empresariais, faz parte de um programa no qual \u00e9 possivel obter descontos de\u00a0at\u00e9\u00a050% em todos os atendimentos realizados na Multiclin, exceto para exames do Detran.<\/p>\n<p>Renove seu Multicard pelo site e tenha 46,15% de desconto no valor anual do titular e 25% para cada dependente novos ou j\u00e1 cadastrado.<\/p>\n","protected":false},"featured_media":233,"template":"","meta":[],"product_brand":[],"product_cat":[24],"product_tag":[],"class_list":{"0":"post-359","1":"product","2":"type-product","3":"status-publish","4":"has-post-thumbnail","6":"product_cat-sem-categoria","8":"first","9":"instock","10":"sale","11":"shipping-taxable","12":"purchasable","13":"product-type-variable","14":"has-default-attributes"},"_links":{"self":[{"href":"https:\/\/dev.multicliniccard.com.br\/index.php?rest_route=\/wp\/v2\/product\/359","targetHints":{"allow":["GET"]}}],"collection":[{"href":"https:\/\/dev.multicliniccard.com.br\/index.php?rest_route=\/wp\/v2\/product"}],"about":[{"href":"https:\/\/dev.multicliniccard.com.br\/index.php?rest_route=\/wp\/v2\/types\/product"}],"wp:featuredmedia":[{"embeddable":true,"href":"https:\/\/dev.multicliniccard.com.br\/index.php?rest_route=\/wp\/v2\/media\/233"}],"wp:attachment":[{"href":"https:\/\/dev.multicliniccard.com.br\/index.php?rest_route=%2Fwp%2Fv2%2Fmedia&parent=359"}],"wp:term":[{"taxonomy":"product_brand","embeddable":true,"href":"https:\/\/dev.multicliniccard.com.br\/index.php?rest_route=%2Fwp%2Fv2%2Fproduct_brand&post=359"},{"taxonomy":"product_cat","embeddable":true,"href":"https:\/\/dev.multicliniccard.com.br\/index.php?rest_route=%2Fwp%2Fv2%2Fproduct_cat&post=359"},{"taxonomy":"product_tag","embeddable":true,"href":"https:\/\/dev.multicliniccard.com.br\/index.php?rest_route=%2Fwp%2Fv2%2Fproduct_tag&post=359"}],"curies":[{"name":"wp","href":"https:\/\/api.w.org\/{rel}","templated":true}]}}